 is the thousands digit of x(16)?
4
Let n = 4956 + 6880. What is the units digit of n?
6
Suppose 0 = -71*b - 57108 + 634689 + 255462. What is the units digit of b?
3
Suppose 0*s - b + 5 = 2*s, -5*b + 1 = 2*s. Suppose -5*d - 16 = -46. What is the units digit of -6*d/9 + 71 + s?
0
Suppose -3*s - 12 = 4*j - 50, -5*j = s - 42. What is the tens digit of j + 2*6054/12?
1
Let z(l) = -1216*l - 1705. What is the tens digit of z(-14)?
1
Suppose -240 = -0*f - 5*f. Suppose 11*o - 4*g = 16*o + 59, 5*g = -o - 16. Let x = f + o. What is the tens digit of x?
3
Let i = -181 + -7. Let f = -270 - i. Let q = -27 - f. What is the tens digit of q?
5
Let m(t) = 3*t**3 - 3*t**2 - t + 7. Suppose -2*n - h + 2 = 0, -n + 6*n = 4*h + 18. What is the units digit of m(n)?
7
Let s = -64 + 69. Suppose k - 4*k + 159 = 3*u, -s*k + 262 = 4*u. Suppose -12*j = -14*j + k. What is the units digit of j?
5
Let c = 72 - 69. Let q(n) = -n**3 + 3*n**2 + 5*n - 12. Let b be q(c). Suppose 4 = -b*s + 226. What is the units digit of s?
4
What is the thousands digit of (-52)/(24/(-42) + (-11154)/(-19789))?
6
Let z(r) = r**3 - 7*r**2 - 5*r + 35. Let p be z(7). Suppose p = 13*k - 1723 - 1033. What is the tens digit of k?
1
Suppose -72*z - 71*z - 8848 = -145*z. What is the units digit of z?
4
Let f(b) = -5*b + 6. Suppose -5*v - 15 = 0, 6*a - a = v - 12. Let i be f(a). Let o = i + 118. What is the units digit of o?
9
Suppose -5 = 2*b - 15. Let u(m) = -7 + m - 5*m + 19*m + 1 + m**3 - b*m**2. What is the tens digit of u(6)?
2
Let w(k) = k**3 + 19*k**2 + 16*k - 15. Let f be ((-42)/(28/(-4)))/(2/(-6)). What is the units digit of w(f)?
1
Suppose 5*n - 15 = 2*n, 2*n + 5 = -5*m. Let a be 0/(1 + m - -4). Suppose -3*d - 3*k = d - 315, a = -d - 4*k + 95. What is the units digit of d?
5
Suppose 29*g = 6*g + 368. Let x(d) = -d - 8. Let f be x(-6). What is the units digit of (f/9*3)/(g/(-1992))?
3
Let i = -4390 + 21702. What is the thousands digit of i?
7
Let d(v) = v + 1. Let y(k) = 14*k + 5. Let o(i) = 6*d(i) - 2*y(i). Let j be o(-1). Let h = 73 - j. What is the tens digit of h?
5
Let v be (-1)/(-2) - (-4977)/(-14). Suppose -3*g - 936 = g. Let r = g - v. What is the units digit of r?
1
Suppose -351142 = -45*u - 18727. What is the units digit of u?
7
Let f = 29583 + -5091. What is the units digit of f?
2
What is the units digit of (-34622)/(-4) - ((-54)/(-84) - (-36)/42)?
4
Let l = 1513 - 1569. Let n(p) = -p**3 + 5*p**2 - 5*p - 6. Let u be n(5). Let v = u - l. What is the units digit of v?
5
What is the tens digit of (-80)/12 + (-4)/(-6) + 14932?
2
Let p = 6209 - -3499. What is the thousands digit of p?
9
What is the tens digit of 4/(-7)*(-7 - 6762)?
6
Let r(b) = -8*b + 4*b + 14 - 12 + 19. Suppose 4*u + 124 = -5*x, 2*x + 34 = -5*u - 19. What is the tens digit of r(x)?
1
Let q(f) = -2*f**2 - 6*f - 1. Let t be q(-1). Suppose -15 = t*i, 5*r - 19 = i + 46. What is the units digit of r?
2
Suppose -3*v = -h - 343, 5*v - 5*h = 140 + 445. Let t = -1 + v. Suppose -4*b + 3*c + 411 - t = 0, 3*b - 4*c - 226 = 0. What is the units digit of b?
4
Suppose 0 = 12*o - 13*o + 2. Let u(r) = 13*r**2 - 3 + o*r - r + 9*r**2 + 2*r. What is the tens digit of u(1)?
2
Suppose s = -w - 3*w - 438, -4*w - 442 = 3*s. Let r = -76 - w. Suppose r = -10*t + 393. What is the tens digit of t?
3
Suppose 2*n - 75434 = 53916 - 4494. What is the ten thousands digit of n?
6
Suppose 0 = 5*q - 3*k - 11410, -3397 = 5*q + 3*k - 14837. What is the thousands digit of q?
2
Let f(o) = 242*o + 5. Let n be f(1). Suppose 3*k + 427 = 4*k. Let r = k - n. What is the hundreds digit of r?
1
Let u = 39361 - -840. What is the units digit of u?
1
Let r(l) = -3*l**3 - l - 1. Let f be r(-1). Suppose 3*v - 1645 = 5*x, -f*v + 377 + 1248 = 5*x. What is the tens digit of v?
4
What is the units digit of (-87624)/(-26) - (-2184)/(-14196)?
0
Suppose 3*f - 99 = -3*j - 21, -3*f = -4*j - 57. Let t = -19 + f. What is the units digit of (t/5)/(198/(-200) + 1)?
0
Let l = -273 + 263. What is the hundreds digit of (-8)/3*(-10 - l - 411)?
0
Suppose -31*b + 32*b + 136 = 0. Let o = b + 192. What is the units digit of o?
6
Suppose -211*h + 396021 = -192*h - 215000. What is the thousands digit of h?
2
Let r be 0 + (-20)/(-5) - 756/2. Let g = r + 479. What is the units digit of g?
5
Let g(y) = -530*y + 5. Let j(s) = 529*s - 5. Let z(r) = -3*g(r) - 2*j(r). What is the hundreds digit of z(1)?
5
Suppose 0 = -5*u + 5*n - 55, -u - 2*n = 2*u + 8. What is the tens digit of u*2*(3 - (3 - -1))?
1
Let o(q) = -87*q**3 + q + 2. Let y(v) = 2*v**2 + 53*v + 26. Let d be y(-26). Suppose 6*f - 2*f - 5*z = -4, -2*f - 5*z - 2 = d. What is the units digit of o(f)?
8
What is the tens digit of (-880)/240*563*-3?
9
Let p(g) = 12*g**2 + 72*g + 675. What is the thousands digit of p(-12)?
1
Let n be ((-15)/10)/((-1)/14). Suppose 4*y - 3 = d, -4*d + 4*y = -5*d + n. Suppose d*p + 50 = 11*p. What is the units digit of p?
5
What is the ten thousands digit of (-4*(-254)/32)/((-2)/(-1472))?
2
Let w = 64842 - 18438. What is the hundreds digit of w?
4
Let t be (-1)/6 - (-195)/90. Let b(v) = 375*v - 62. What is the tens digit of b(t)?
8
Let z(a) = -5*a**2 + 41*a - 5. Let m be z(8). Suppose -m*q = 15, 8*q - 4*q = 4*i - 1292. What is the tens digit of i?
1
Let a be (-1)/(-8) + (-568)/(-64). Suppose -a*f = -684 - 549. What is the units digit of f?
7
Suppose 2*m + 4 = w, 0*w - 16 = -4*w - 4*m. Suppose -4*l - w*r = -3478 + 206, 4060 = 5*l - r. What is the tens digit of l?
1
Let y(u) = u**3 - 5*u**2 + 10*u - 2. Let o(k) = 13*k + 38. Let b be o(-7). Let a = -51 - b. What is the units digit of y(a)?
6
Suppose -36477 - 149048 = -5*i. What is the tens digit of i?
0
Suppose 27*h + 15*h = 239904. What is the hundreds digit of h?
7
Suppose 100*f - 51*f - 1264102 = 0. What is the thousands digit of f?
5
Suppose -13*l = 235 + 25. What is the units digit of (958/5)/((-8)/l)?
9
Suppose -50*y + 1898559 = 31*y. What is the tens digit of y?
3
Suppose -8 = 4*c, 0*c = -2*a + 2*c - 16. Let m = -32 + a. What is the hundreds digit of (21/m)/(1/(-286))?
1
Suppose y + 294 - 306 = 0. Let u(w) = 4*w - 9. What is the tens digit of u(y)?
3
Suppose g - 8 = -3*g - 4*b, 3*b - 2 = -g. Suppose 270 = -3*w + 3*i, g*i + 260 = w - 4*w. Let d = 146 + w. What is the units digit of d?
8
Let x be (-6)/2*(-1 + 0). Let a(n) = 52*n - 90. Let c be a(9). Suppose x*t = -3*t + c. What is the units digit of t?
3
Let u(q) = -16*q - 10*q + 37 - 164 - 25. What is the hundreds digit of u(-13)?
1
Let v = 3 + -4. Let a(n) be the second derivative of -77*n**3/2 + 141*n. What is the hundreds digit of a(v)?
2
Let z = -42 + 48. Suppose 4*n = z - 66. Let k(d) = -8*d + 19. What is the units digit of k(n)?
9
Let i(s) be the second derivative of s**4/4 - 7*s**3/3 + 3*s**2 + 11*s. Let o be i(4). What is the units digit of (-7685)/(-87) - o/3?
9
Suppose 2*i + 24887 + 74883 = 12*i. What is the tens digit of i?
7
Let v(j) = 288*j - 1146. What is the hundreds digit of v(7)?
8
Let k(t) = 2*t**3 + 7. Let c be k(-6). Suppose 6*f - 181 = 17. What is the hundreds digit of 11/f - (c/3 - 1)?
1
Let w(b) be the first derivative of 5*b**3/3 - 4*b**2 - 2*b - 8. Let z be w(-9). Suppose 5*o - z = 3*n, 2*n = -3*n. What is the units digit of o?
5
Suppose 0 = 83*x - 23*x + 14*x - 455026. What is the units digit of x?
9
Suppose -r + i = -11, 0 = -r + 5*i + 12 + 11. Let s(b) = 3*b**3 - 3*b**2 - 29*b + 2. What is the hundreds digit of s(r)?
1
Let c be 2/4 - (2 - 11/2). Suppose 0 = c*t + t - 420. Suppose 14*r - 15*r = -t. What is the units digit of r?
4
Let m(v) = v**2 + 8*v + 13. Let g be m(-7). Let b be g/(-9)*-3*33. Suppose -2*i = 4*c - 152, -i = 2*c - 5*i - b. What is the tens digit of c?
3
Let f(z) = 9*z**2 - 4*z + 92. What is the units digit of f(21)?
7
Let t = -445 + 189. Let b = -76 - t. What is the units digit of b?
0
Let x = 114 + -110. Suppose -x = 5*f - 4*v, 3 = -0*f - 3*f + 3*v. Suppose f = 4*n + j - 377, -3*j + 466 = -4*n + 9*n. What is the tens digit of n?
9
Suppose 9*k - 5*l = 4*k + 35, -4*k = 4*l - 44. What is the units digit of 10/(60/k)*922?
3
Suppose -3*h + 1449 = 3*v, -5*v + 391 = 3*h - 2028. Let u = v + 133. What is the tens digit of u?
1
Suppose -1962 - 2538 = -12*q. Suppose -15*w + 420 = -q. What is the tens digit of w?
5
Let q(t) = t**3 - 34*t**2 + 71*t + 56. Let z be q(33). Let m = 1